tors of ((-3)/(-9))/(1/h)?
2, 5
List the prime factors of (-21)/6 + 4 - (-107)/2.
2, 3
Let l = 4 - 4. Let s(u) = u - 99. Let o be s(l). List the prime factors of ((-4)/(-6))/((-6)/o).
11
Suppose -6*q + 254 = -4*q. What are the prime factors of q?
127
Let u = -11 + 60. List the prime factors of u.
7
Let s(o) = 23*o. What are the prime factors of s(8)?
2, 23
Let l = 53 - -2. Let m = l + -35. Suppose 5*q - 3*s = 10, 0*s - s = -5*q + m. List the prime factors of q.
5
Let x(w) = w**3 + 14*w**2 - 14*w + 8. Let y be x(-15). Suppose 3*r - 2*k - 27 = 0, -2*r - k - 3*k + 34 = 0. Let p = r + y. List the prime factors of p.
2
Suppose -3*u + 7 = 5*j, u - 5 = -0*j - 3*j. Suppose 4*b + 3*f = -j*f + 129, 2*f - 33 = -b. List the prime factors of b.
31
Suppose -37 = -3*l + 80. Let k = -23 + l. List the prime factors of k.
2
Suppose 3*g - 13 = -2*j - 0, -5*j + 40 = 5*g. Suppose 2*t = -4*w - 9 - 1, 0 = 5*t + w - j. List the prime factors of (-12)/(-3 - -2) - t.
3
Suppose 2*m + 17 = 3*m. Suppose 0 = 4*b - m - 55. List the prime factors of b.
2, 3
Let c = -206 + 420. What are the prime factors of c?
2, 107
Let l(j) be the first derivative of -j**3/3 + 11*j**2/2 - 2*j + 2. List the prime factors of l(9).
2
Let c = 269 + -181. List the prime factors of c.
2, 11
Suppose -3*n - 4 - 8 = 0. Let j = n - -21. What are the prime factors of j?
17
Let s be 6/(-1) + 4/2. Let a(j) = -7*j - 4. Let x be a(s). Let t = -12 + x. What are the prime factors of t?
2, 3
Suppose 4*n - 68 = 100. Let i = n - 19. List the prime factors of i.
23
Let i(z) = -5 - z + 8*z**2 - 7*z**2 + 5. Let v(b) = -3*b**2 - 7*b + 4. Let h(w) = 2*i(w) + v(w). What are the prime factors of h(-9)?
2
Let j(t) = -t**3 - 3*t**2 - 2*t - 2. Let p = -30 + 42. Let u be 1/(2/p*-2). What are the prime factors of j(u)?
2
Let k be (0 - -12)/(3/(-2)). Let l(v) be the second derivative of -v**5/20 - 2*v**4/3 - v**3/6 + 2*v**2 + 2*v. What are the prime factors of l(k)?
2, 3
Let a be 4/(-1)*(-50)/4. Suppose -20 = -5*s, -z = -0*s + s - a. Suppose 3*d - 2*w + 6*w = z, -d - w + 14 = 0. List the prime factors of d.
2, 5
Let c = -196 - -516. List the prime factors of c.
2, 5
Let a(t) = 2*t**2 - 11*t. Let q(i) = 2 + 2*i**2 - 3 - i**2 - 10*i. Let x(d) = -2*a(d) + 3*q(d). List the prime factors of x(-7).
2
Suppose -2*q + 4 = 0, 179 = 3*g + q - 0*q. What are the prime factors of g?
59
Suppose 0*f - f = -75. Let s be f/2*(-2)/(-3). Suppose 0 = 3*a + 3*r + r - s, -4*r + 36 = 4*a. What are the prime factors of a?
11
Suppose -u = -5*u + 144. What are the prime factors of u?
2, 3
Let x(t) = 23*t**2 + 29*t - 11. Let w(d) = -8*d**2 - 10*d + 4. Let h(p) = 17*w(p) + 6*x(p). What are the prime factors of h(-3)?
2
Suppose 2*h = -8 + 28. Suppose n - 4 = h. List the prime factors of n.
2, 7
Let v(c) = 2*c + 127. List the prime factors of v(0).
127
Suppose -2*h = 4*a - 290, -a = -2*h - 2*a + 287. List the prime factors of h.
11, 13
Let t = 53 + -26. Let c = t - 17. Let x(k) = -k + 12. List the prime factors of x(c).
2
Let l be 0 + (-3 - -2)*-30. Suppose -r = -4*r + l. What are the prime factors of 4/r + 144/15?
2, 5
Suppose 9*z + 4064 = 25*z. What are the prime factors of z?
2, 127
Let b(t) = -t**2 + 5*t + 6. Let x be b(6). What are the prime factors of (-3)/(3 + x) - -13?
2, 3
Suppose -2*v + 30 = 4*i, 3*i = 2*i - 1. List the prime factors of v - -3*(1 - 2).
2, 7
Let l(b) = 13*b**2 + 4. List the prime factors of l(3).
11
Let l(y) be the first derivative of 5*y**2/2 - 2*y - 2. List the prime factors of l(2).
2
Let p = 130 + -70. Let t = p - 42. List the prime factors of t.
2, 3
Let b(q) = -q**3 - q**2 + q - 2. Let j be b(-2). Suppose j = 5*v - 0*v - 40. List the prime factors of v.
2
Suppose 0 = -i + a - 73, -4 + 1 = -a. What are the prime factors of 2/6 + i/(-6)?
2, 3
Let j(t) = -19*t + 7. Let q be j(-5). Suppose 3*m = -y + q, 3*m - 117 = 6*y - 2*y. What are the prime factors of m?
5, 7
Let x(l) = l**2 + 2*l + 21. Let z be x(-10). Let o = z + -58. What are the prime factors of o?
43
Let i be -8 + 2 - 3/(-1). What are the prime factors of (0 - 3) + (-114)/i?
5, 7
List the prime factors of (8381/87)/(2/6).
17
Suppose 6*n - 213 = n - 3*g, -3*n = -5*g - 155. What are the prime factors of n?
3, 5
Let c be (-1)/((5/9)/(-5)). Suppose 5*w - 2*z - 1 = c, 0 = 3*w - 3*z + 3. Suppose g - 5*t - 21 + 7 = 0, -w*g + t + 37 = 0. List the prime factors of g.
3
Let o(r) = 7*r - 15. List the prime factors of o(12).
3, 23
Suppose 0 = 2*t + 8 + 2. Let g = 6 - t. List the prime factors of g.
11
Suppose z = -4*w + 61, 4*w - 6*z = -3*z + 73. Suppose 23 = 3*i - w. What are the prime factors of i?
13
Let w(x) = -5*x**2. Let u be w(1). Let t(i) = 0 - 2*i + 0. What are the prime factors of t(u)?
2, 5
Let t(r) = 2*r - 6. Let f be t(4). Let c be (1 - f) + 3*5. Suppose 3 = -y + c. List the prime factors of y.
11
What are the prime factors of (-114)/12*(-2 - 2)?
2, 19
Suppose 171 = 11*o - 2*o. What are the prime factors of o?
19
Let m(z) = 5*z + 7. Let y(a) = -11*a - 15. Let x(q) = 13*m(q) + 6*y(q). List the prime factors of x(-12).
13
Suppose -f - a + 8 = 0, -3*f - f + 2*a = -2. Suppose -f*w = -31 - 23. Let p = w - 6. List the prime factors of p.
2, 3
List the prime factors of (10 - 2)*(-57)/(-12).
2, 19
Let j = 2 - 0. Suppose 3 = j*x - 1. Suppose -9 = -x*h + d, 4*h - d + 0*d = 21. List the prime factors of h.
2, 3
Suppose 735 + 385 = 3*t + x, -3*x = 2*t - 749. What are the prime factors of t?
373
Let n be 7/(35/30) - -2. Let r(u) = u**3 - 4. Let j be r(0). Let c = j + n. What are the prime factors of c?
2
Let l be (4 - 3) + -1 + 0. Suppose l = 4*y + 16, 8 = -5*a - 3*y - 4. Suppose a*x + 12 = 4*x. List the prime factors of x.
3
Let k = -78 - -207. List the prime factors of k.
3, 43
Let k(a) = a + 5. What are the prime factors of k(6)?
11
Let l = 82 - 41. Suppose -3*i = -22 - l. What are the prime factors of i?
3, 7
Suppose -5*z + 9 + 36 = 0. What are the prime factors of z?
3
Let w(n) = 0*n**2 + n**3 + 2*n - 1 - 4*n**2 - 5*n + 6*n. What are the prime factors of w(4)?
11
Suppose 2*s = 3*s. Suppose 12 = 5*a - 48. Let h = a + s. List the prime factors of h.
2, 3
Let j(i) = -i**2 - i - 68. Let f be j(0). List the prime factors of f/(-7) - 2/(-7).
2, 5
What are the prime factors of 128 + 2/(-11) + (-16)/(-88)?
2
Suppose -3*w + 2 = -10. Suppose 5*f = 4*m + 14, w*m = f - 0*m + 10. What are the prime factors of f?
2, 3
Suppose h - 5*x + 142 = 5*h, -4*h + 130 = -x. What are the prime factors of h?
3, 11
Suppose 2*i = -2*i. Suppose i = k + k. Suppose -4*u + 3*v + 46 = k, 0 = 3*u - 4*v + 3*v - 37. What are the prime factors of u?
13
Let t = 122 + -86. What are the prime factors of t?
2, 3
Let p be 376/72 - 2/9. Suppose 5*w + p*r = 3*r + 74, -r + 29 = 2*w. What are the prime factors of w?
2
Let f = -58 + 186. List the prime factors of f.
2
Let q = 9 + -13. Let c(d) = 5*d**2 + d**3 - 3 + 0*d**3 - 2 + 2*d. List the prime factors of c(q).
3
Suppose 5*g - 85 = 3*b, b - 4 - 21 = -g. Suppose -4*s + 3*j = 7, 3*j = -j + g. Suppose 4*c = -s*f - 12, 4*c + 10 = f - 8. List the prime factors of f.
2
Suppose -13*c + 630 = 2*c. List the prime factors of c.
2, 3, 7
Let x = 92 - 62. List the prime factors of x/(-20) + (-42)/(-4).
3
List the prime factors of (117 + -3)*10/15.
2, 19
What are the prime factors of (-3 - 8/(-6))/((-6)/342)?
5, 19
Suppose 22*l + 120 = 27*l. List the prime factors of l.
2, 3
Suppose 3*h - 3*a + 2*a - 6 = 0, 0 = h + a - 6. Suppose q - h = 9. What are the prime factors of q?
2, 3
Suppose -2*g = 3*s + s - 66, -4*s = -2*g + 66. What are the prime factors of g?
3, 11
Suppose 0 = -2*j - 0*j + 126. Suppose 5*k - j - 107 = 0. What are the prime factors of k?
2, 17
Suppose 4*h + 17 = 117. Let i = h + -16. What are the prime factors of i?
3
Let h = -2 + 8. Suppose 0 = 3*r - h*r + 108. Suppose -4*x + 8 = -r. What are the prime factors of x?
11
Let g(j) = 2*j - 3. Let i be g(3). Suppose 2*p - 15 = -i*p. What are the prime factors of p?
3
Let r be -18*1/2*-2. Suppose -5*f - 2 = -3*h - 19, -r = -2*h - 4*f. List the prime factors of (h + -5)/(4/(-14)).
2, 7
Suppose 61 = 4*z - 691. What are the prime factors of z?
2, 47
Let t be 0 + -3 + (2 - -3). Suppose -7*o = -t*o - 30. List the prime factors of o.
2, 3
Let a be (-6)/(6/69*1). Let k = a + 123. List the prime factors of k.
2, 3
Suppose -y =